emainder when r is divided by -7 + 10 + (1 - g).
1
Let g = 1554 + -1280. Calculate the remainder when g is divided by 75.
49
Suppose 950 = 31*j - 2801. Calculate the remainder when 8467 is divided by j.
118
Let l(r) = -4*r**2 - 98*r - 151. Calculate the remainder when 315 is divided by l(-22).
39
Suppose 121*i - 11284 = 93*i. Suppose -4*t - 5*z + i = 111, 5*t - 2*z - 332 = 0. What is the remainder when t is divided by 7?
5
Let b(x) = x**3 + 9*x**2 - 7*x + 5. Suppose 4*v + 4*c + 28 = v, v - 2*c + 6 = 0. Calculate the remainder when b(v) is divided by 34.
23
Suppose -8945 - 3921 + 3114 = -106*m. Calculate the remainder when 1471 is divided by m.
91
Suppose -5069 = -31*n - 15*n - 1113. Calculate the remainder when 2399 is divided by n.
77
Suppose 4*u - 13*g = -10*g + 45, 0 = -u - g + 6. Suppose -2*r + 2*p = -14, -p - u = 2*p. Let i(w) = 6*w + 17. What is the remainder when 118 is divided by i(r)?
36
Suppose w - 28 = 5*r - 204, -r + 4*w = -20. What is the remainder when 30/r - (-892)/24 is divided by 10?
8
Let j(r) = 3*r**2 + 44*r - 472. What is the remainder when j(11) is divided by 46?
7
Suppose 2988 + 330 = 14*g. Calculate the remainder when 750 is divided by g.
39
Suppose 0 = -k - 4*d + 283, -419 = 3*k + 5*d - 1261. Calculate the remainder when 1125 is divided by k.
9
Let k = 369 - 341. Suppose 0 = -8*s + 964 + 124. What is the remainder when s is divided by k?
24
Suppose 69 = 3*z - 3*x, -2*z - 13 + 53 = -5*x. Suppose -z*q = -89 - 111. What is the remainder when q is divided by 4?
0
Let s = -45 - -49. Let v be 0/s + 0 - -2. Suppose -v*f - f = -189. What is the remainder when f is divided by 16?
15
Let d = 152086 + -152002. What is the remainder when 497 + (-1 - -4)/(-3) is divided by d?
76
Let i(h) = -h**2 - 31*h - 78. Calculate the remainder when -2 + 19 - 14/(-2 - -9) is divided by i(-3).
3
Let w = 1446 + -1434. Suppose -3*n = -2*l - 15 + 6, 3*l = 2*n - 6. Calculate the remainder when (-1 - 0) + l + 95 is divided by w.
10
Suppose -691 = -13*g + 89. Suppose 39*u = g*u - 1197. Calculate the remainder when u is divided by 13.
5
Let d(n) = n**3 + 21*n**2 - 44*n + 48. Let l be d(-23). Let g(p) = 5*p**2 - 5*p + 14. What is the remainder when 61 is divided by g(l)?
13
Suppose 3*x = 5*x - 100. Let c(w) = w**2 + 2*w - 13. Calculate the remainder when c(9) is divided by (x/15)/((-1)/(-9)).
26
Suppose -14*a = -3943 - 1069. Suppose -5*t - 4*m - 15 = -a, -3*t + 4*m = -193. What is the remainder when 332 is divided by t?
64
Let a be -441*((-21)/9 - -3). Let t = a - -452. Let b = t + -77. What is the remainder when b is divided by 21?
18
Suppose 726 + 1810 = 57*m - 1682. Calculate the remainder when 544 is divided by m.
26
Let o be (0 + -1)/(((-12)/(-1950))/(-2)). Let z = o + -253. Calculate the remainder when z is divided by 19.
15
Let n = 17 - 2. Let l(r) = r**3 + 11*r**2 - 82*r - 24. Calculate the remainder when n is divided by l(-16).
7
Suppose 981*s - 962*s - 18848 = 0. Calculate the remainder when s is divided by 481.
30
Suppose 47*h + 46*h - 76*h - 9962 = 0. Calculate the remainder when h is divided by 72.
10
Suppose 5*c + 24 = 49. Suppose 6*o - c*o - 19 = -3*k, -4*k + o = -37. Calculate the remainder when 13 is divided by k.
5
Suppose -5*s + 1178 = -4*x, 1278*x - 439 = -2*s + 1275*x. What is the remainder when 457 is divided by s?
227
Let z(m) = -m**2 - 36*m + 81. Let r be (-74*1/10)/(3/15). Calculate the remainder when 170 is divided by z(r).
38
Suppose -952*v - 1040 = -960*v. Suppose -110 = -3*u - 3*t + v, -10 = -2*t. Calculate the remainder when 297 is divided by u.
72
Let a(v) = -v**3 - 2*v**2 + 4. Let s be a(-2). Suppose 10 = s*h - 102. Calculate the remainder when 83 is divided by h.
27
Suppose 53204*p - 1292 = 53187*p. Calculate the remainder when p is divided by 64.
12
Suppose -311*w - 177360 = -341*w. What is the remainder when w is divided by 169?
166
Let r(n) = 4*n**2 + 3*n - 4. Let x be 6/(-14) + (-25)/140*-8. What is the remainder when 20 is divided by r(x)?
2
Let x = 21248 + -21234. Let l(n) = -3*n**2 + 3 - 6 - 3*n**2 - n**3 - 2*n. Calculate the remainder when x is divided by l(-6).
5
What is the remainder when 5693 is divided by (336/10)/7*((-61)/(-4) + 1)?
77
Suppose 7*a - 15 = 4*a. Suppose -7*q + 142 = -3*q + a*f, -3*q + 112 = f. Calculate the remainder when q is divided by 13.
12
Calculate the remainder when (-33)/(-27) + (-38)/171 - -1991 is divided by 82.
24
Let j = -7 + 11. Suppose 2*y - 3*b = 122, -j*b = -22 + 6. What is the remainder when y is divided by 8?
3
Let t(r) be the first derivative of -11*r**2 - 13*r + 1. Suppose -3*w + 42 = 5*m + 64, -w + 2 = -3*m. What is the remainder when t(w) is divided by 26?
23
Suppose -428*v + 9021 = -397*v. What is the remainder when v is divided by 33?
27
Let q(x) = -9*x + 26. Let z(k) = k + 21. Let p be z(9). Let a be 2/(-5) + (-318)/p. What is the remainder when q(a) is divided by 16?
13
Let m = 2546 + -996. Calculate the remainder when m is divided by 21.
17
Let g(a) = 8*a**2 + 2*a - 2. Suppose -265 = -6*x - 2521. Calculate the remainder when x/(-6) + 3*3/27 is divided by g(2).
29
Suppose 2*d = 147 + 127. Let r(c) = 19*c - 320. Let j be r(14). Let q = d + j. Calculate the remainder when q is divided by 17.
15
Suppose 0 = -484*j + 531*j - 1175. Calculate the remainder when 41 is divided by j.
16
Let f = 15913 + -15904. Suppose 0 = -3*t + 7*t + 16. Let g = 7 + t. Calculate the remainder when f is divided by g.
0
Suppose -517*o = -538*o - 60652 + 284428. What is the remainder when o is divided by 209?
206
Suppose -j = -6*j + 795. Calculate the remainder when j is divided by -3*(1886/(-69) + 14).
39
Suppose -2*m - 62 = 3*d, 2*d + 3*m + 9 = -39. Let g = d + 23. Suppose 4*u - 34 = -3*j, 45 = 5*j - g*u - 70. What is the remainder when 51 is divided by j?
15
Suppose -1821 - 693 = -3*b. What is the remainder when b is divided by 2 + 5256/(-1606) + (-336)/(-22)?
12
Suppose -26*q + 71*q - 3360 = 21*q. What is the remainder when 1391 is divided by q?
131
Suppose 0*v - v = -85. Suppose -5*k + 762 = -w, -5*w + 5*k - 3830 = -0*w. Let s = w + 796. Calculate the remainder when v is divided by s.
27
Let d = 71 + -51. Suppose 2*s + 3*s - d = 0. Suppose -5*x + 380 = s*y, 3*y + 10 + 5 = 0. Calculate the remainder when x is divided by 9.
8
Let n(g) = -g**3 - 6*g**2 + 8*g + 186. Calculate the remainder when 757 is divided by n(0).
13
Let v(a) = a**3 - 12*a**2 - 63*a + 19. Let m be ((-16)/3)/(-5 - 126/(-27)). What is the remainder when 65 is divided by v(m)?
30
Let g(s) = -6*s**2 + 4*s - 2. Let p be g(4). Let w = -49 - p. What is the remainder when -4 - (-89 + -5 + -2) is divided by w?
26
What is the remainder when ((-5)/((-25)/4655))/(0 + 1) is divided by 34?
13
Let n = 281 + -291. Let d be (-180)/27*36/2. Let r = n - d. Calculate the remainder when r is divided by 29.
23
Let v(w) = -59*w + 1. Let m be v(4). Let f = -69 - m. Calculate the remainder when f is divided by 24.
22
Let b(x) = x**3 + 4*x**2 - 6*x - 2. Let j be b(4). Let f = 141 - j. Suppose -2*l + l = -21. Calculate the remainder when f is divided by l.
18
What is the remainder when 504 is divided by (-30)/(((-45)/5)/27)?
54
Suppose 0 = -10*p - 6914 + 17584. Calculate the remainder when p is divided by 60.
47
Let a be (-52*40)/(-13) + 1/1. Suppose -a - 75 = -2*p. Suppose -3*q = -2*n + 77, 4*n + 2*q - 6*q - 156 = 0. What is the remainder when p is divided by n?
38
Let b = 2760 + -2143. What is the remainder when b is divided by 27?
23
Suppose 743*q - 711*q = 1280. What is the remainder when 46 is divided by q?
6
Suppose -u + 4 = 3*k - 2*k, -k = 2*u - 4. Suppose -k*w + 266 = 3*q + 27, 0 = -4*w + q + 219. What is the remainder when w is divided by 24?
8
Let w(v) = 2*v**2 + 15*v + 90. Calculate the remainder when w(-11) is divided by 59.
49
Suppose -x = 4*a - 105264, 938*x = -3*a + 942*x + 78948. Calculate the remainder when a is divided by 31.
28
Let w = -172 + 311. Let l = 97 - 19. Calculate the remainder when w is divided by l.
61
Let g = -4362 - -5512. What is the remainder when g is divided by 181?
64
Suppose 75 = 45*o - 30*o. Suppose o*v = 622 - 17. What is the remainder when v is divided by 41?
39
Let x be 1/1 + 3/1. Let j(v) = -4*v**2 - 94*v - 32. Let o be j(-23). Suppose o = h - x. Calculate the remainder when h is divided by 8.
2
Let m = 